{"id":2524,"date":"2023-11-11T07:35:48","date_gmt":"2023-11-11T05:35:48","guid":{"rendered":"https:\/\/bodner.it\/protezione-dei-dati\/"},"modified":"2025-07-10T07:21:19","modified_gmt":"2025-07-10T05:21:19","slug":"protezione-dei-dati","status":"publish","type":"page","link":"https:\/\/bodner.it\/it\/protezione-dei-dati\/","title":{"rendered":"Protezione dei dati nella progettazione illuminotecnica ed elettrica"},"content":{"rendered":"<h5>Protezione dei dati<\/h5>\n<p>Ai sensi dell\u2019art. 13 D.Lgs. n. 196\/20013 e del GDPR n.679\/2016 (Codice Privacy), La informiamo sul trattamento dei Suoi dati personali in relazione all\u2019utilizzo del presente servizio.<br \/>\nI dati forniti dall&#8217;utente nel corso della registrazione, nonch\u00e9 i dati relativi alla durata dell&#8217;utilizzo, al volume dei dati, al server e altri dati necessari per un&#8217;identificazione sicura, vengono elaborati manualmente o elettronicamente nella misura necessaria per l&#8217;utilizzo e la gestione del servizio.<\/p>\n<p>I vostri dati personali saranno trasmessi secondo le necessit\u00e0 in relazione alle finalit\u00e0 sopra indicate:<br \/>\n\u2013 alle pubbliche amministrazioni e alle autorit\u00e0, se ci\u00f2 \u00e8 previsto dalla legge<br \/>\n\u2013 a tutte quelle persone fisiche e\/o giuridiche, pubbliche e\/o private (uffici di consulenza legale, amministrativa e fiscale, tribunali, camere di commercio, ecc.) qualora l\u2019invio risulti necessario o opportuno per l\u2019esercizio della nostra attivit\u00e0, nonch\u00e9 con le modalit\u00e0 e per le finalit\u00e0 sopra indicate.<\/p>\n<p>Le ricordiamo che in qualit\u00e0 di interessato pu\u00f2 esercitare in qualsiasi momento i diritti di cui all&#8217;art. 7 del Codice della Privacy. Ad esempio, l&#8217;interessato pu\u00f2 chiedere al responsabile del trattamento di confermare l&#8217;esistenza di dati personali che lo riguardano e di renderli disponibili in forma intelligibile. L&#8217;interessato pu\u00f2 altres\u00ec chiedere di conoscere l&#8217;origine dei dati, la logica e le finalit\u00e0 del trattamento, la cancellazione, la trasformazione in forma anonima o il blocco dei dati trattati in violazione di legge, l&#8217;aggiornamento, la rettifica o, se vi \u00e8 interesse, l&#8217;integrazione dei dati, nonch\u00e9 la cessazione del trattamento in presenza di motivi legittimi.<\/p>\n<p>Cancellazione dei dati: la cancellazione dei dati pu\u00f2 essere richiesta via e-mail.<br \/>\nIl titolare dei diritti di trattamento dei dati \u00e8 Per. Ind. Clemens Bodner.<\/p>\n","protected":false},"excerpt":{"rendered":"<p>Protezione dei dati Ai sensi dell\u2019art. 13 D.Lgs. n. 196\/20013 e del GDPR n.679\/2016 (Codice Privacy), La informiamo sul trattamento dei Suoi dati personali in relazione all\u2019utilizzo del presente servizio. I dati forniti dall&#8217;utente nel corso della registrazione, nonch\u00e9 i dati relativi alla durata dell&#8217;utilizzo, al volume dei dati, al server e altri dati necessari [&hellip;]<\/p>\n","protected":false},"author":1,"featured_media":0,"parent":0,"menu_order":0,"comment_status":"closed","ping_status":"closed","template":"elementor_header_footer","meta":{"footnotes":""},"class_list":["post-2524","page","type-page","status-publish","hentry"],"_links":{"self":[{"href":"https:\/\/bodner.it\/it\/wp-json\/wp\/v2\/pages\/2524","targetHints":{"allow":["GET"]}}],"collection":[{"href":"https:\/\/bodner.it\/it\/wp-json\/wp\/v2\/pages"}],"about":[{"href":"https:\/\/bodner.it\/it\/wp-json\/wp\/v2\/types\/page"}],"author":[{"embeddable":true,"href":"https:\/\/bodner.it\/it\/wp-json\/wp\/v2\/users\/1"}],"replies":[{"embeddable":true,"href":"https:\/\/bodner.it\/it\/wp-json\/wp\/v2\/comments?post=2524"}],"version-history":[{"count":5,"href":"https:\/\/bodner.it\/it\/wp-json\/wp\/v2\/pages\/2524\/revisions"}],"predecessor-version":[{"id":2750,"href":"https:\/\/bodner.it\/it\/wp-json\/wp\/v2\/pages\/2524\/revisions\/2750"}],"wp:attachment":[{"href":"https:\/\/bodner.it\/it\/wp-json\/wp\/v2\/media?parent=2524"}],"curies":[{"name":"wp","href":"https:\/\/api.w.org\/{rel}","templated":true}]}}

<h5>Protezione dei dati</h5>
<p>Ai sensi dell’art. 13 D.Lgs. n. 196/20013 e del GDPR n.679/2016 (Codice Privacy), La informiamo sul trattamento dei Suoi dati personali in relazione all’utilizzo del presente servizio.<br />
I dati forniti dall&#8217;utente nel corso della registrazione, nonché i dati relativi alla durata dell&#8217;utilizzo, al volume dei dati, al server e altri dati necessari per un&#8217;identificazione sicura, vengono elaborati manualmente o elettronicamente nella misura necessaria per l&#8217;utilizzo e la gestione del servizio.</p>
<p>I vostri dati personali saranno trasmessi secondo le necessità in relazione alle finalità sopra indicate:<br />
– alle pubbliche amministrazioni e alle autorità, se ciò è previsto dalla legge<br />
– a tutte quelle persone fisiche e/o giuridiche, pubbliche e/o private (uffici di consulenza legale, amministrativa e fiscale, tribunali, camere di commercio, ecc.) qualora l’invio risulti necessario o opportuno per l’esercizio della nostra attività, nonché con le modalità e per le finalità sopra indicate.</p>
<p>Le ricordiamo che in qualità di interessato può esercitare in qualsiasi momento i diritti di cui all&#8217;art. 7 del Codice della Privacy. Ad esempio, l&#8217;interessato può chiedere al responsabile del trattamento di confermare l&#8217;esistenza di dati personali che lo riguardano e di renderli disponibili in forma intelligibile. L&#8217;interessato può altresì chiedere di conoscere l&#8217;origine dei dati, la logica e le finalità del trattamento, la cancellazione, la trasformazione in forma anonima o il blocco dei dati trattati in violazione di legge, l&#8217;aggiornamento, la rettifica o, se vi è interesse, l&#8217;integrazione dei dati, nonché la cessazione del trattamento in presenza di motivi legittimi.</p>
<p>Cancellazione dei dati: la cancellazione dei dati può essere richiesta via e-mail.<br />
Il titolare dei diritti di trattamento dei dati è Per. Ind. Clemens Bodner.</p>

<p>Protezione dei dati Ai sensi dell’art. 13 D.Lgs. n. 196/20013 e del GDPR n.679/2016 (Codice Privacy), La informiamo sul trattamento dei Suoi dati personali in relazione all’utilizzo del presente servizio. I dati forniti dall&#8217;utente nel corso della registrazione, nonché i dati relativi alla durata dell&#8217;utilizzo, al volume dei dati, al server e altri dati necessari [&hellip;]</p>
